{"id":19,"date":"2016-04-14T19:04:57","date_gmt":"2016-04-14T19:04:57","guid":{"rendered":"http:\/\/spargelhof-mahlstedt.de\/?page_id=19"},"modified":"2024-11-20T20:53:53","modified_gmt":"2024-11-20T19:53:53","slug":"impressum-kontakt","status":"publish","type":"page","link":"https:\/\/spargelhof-mahlstedt.de\/?page_id=19","title":{"rendered":"Impressum &#038; Kontakt"},"content":{"rendered":"<p><strong>Hier finden Sie uns<\/strong><\/p>\n<p>Weihnachtsb\u00e4ume Mahlstedt<\/p>\n<p>Glenn Mahlstedt<br \/>\nHolzhausen 9<br \/>\n27793 Wildeshausen<br \/>\n04431-9550966<br \/>\nspargelhof.mahlstedt(a)web.de<\/p>\n<p>Weihnachtsb\u00e4ume Mahlstedt bei <a href=\"https:\/\/maps.app.goo.gl\/9iobgpWNqD4szu1p8\">google maps<\/a><\/p>\n<p><strong>Tannenbaumverkauf <\/strong>auf dem Hof:<\/p>\n<p>Ab dem Freitag vor dem 2. Adventswochenende\u00a0 bis zum 24.12., t\u00e4glich mit Gl\u00fchwein (solange es drau\u00dfen hell ist&#8230;.), an den Wochenenden mit Feuerkorb, Waffelverkauf und Kl\u00f6nschnack.<\/p>\n","protected":false},"excerpt":{"rendered":"<p>Hier finden Sie uns Weihnachtsb\u00e4ume Mahlstedt Glenn Mahlstedt Holzhausen 9 27793 Wildeshausen 04431-9550966 spargelhof.mahlstedt(a)web.de Weihnachtsb\u00e4ume Mahlstedt bei google maps Tannenbaumverkauf auf dem Hof: Ab dem Freitag vor dem 2. Adventswochenende\u00a0 bis zum 24.12., t\u00e4glich mit Gl\u00fchwein (solange es drau\u00dfen hell ist&#8230;.), an den Wochenenden mit Feuerkorb, Waffelverkauf und Kl\u00f6nschnack.<\/p>\n","protected":false},"author":1,"featured_media":0,"parent":0,"menu_order":4,"comment_status":"closed","ping_status":"closed","template":"","meta":{"footnotes":""},"class_list":["post-19","page","type-page","status-publish","hentry"],"_links":{"self":[{"href":"https:\/\/spargelhof-mahlstedt.de\/index.php?rest_route=\/wp\/v2\/pages\/19","targetHints":{"allow":["GET"]}}],"collection":[{"href":"https:\/\/spargelhof-mahlstedt.de\/index.php?rest_route=\/wp\/v2\/pages"}],"about":[{"href":"https:\/\/spargelhof-mahlstedt.de\/index.php?rest_route=\/wp\/v2\/types\/page"}],"author":[{"embeddable":true,"href":"https:\/\/spargelhof-mahlstedt.de\/index.php?rest_route=\/wp\/v2\/users\/1"}],"replies":[{"embeddable":true,"href":"https:\/\/spargelhof-mahlstedt.de\/index.php?rest_route=%2Fwp%2Fv2%2Fcomments&post=19"}],"version-history":[{"count":14,"href":"https:\/\/spargelhof-mahlstedt.de\/index.php?rest_route=\/wp\/v2\/pages\/19\/revisions"}],"predecessor-version":[{"id":723,"href":"https:\/\/spargelhof-mahlstedt.de\/index.php?rest_route=\/wp\/v2\/pages\/19\/revisions\/723"}],"wp:attachment":[{"href":"https:\/\/spargelhof-mahlstedt.de\/index.php?rest_route=%2Fwp%2Fv2%2Fmedia&parent=19"}],"curies":[{"name":"wp","href":"https:\/\/api.w.org\/{rel}","templated":true}]}}